{"id":24680,"date":"2023-10-01T14:24:52","date_gmt":"2023-10-01T12:24:52","guid":{"rendered":"https:\/\/www.itm.nrw\/projects\/completed-projects\/its-apt\/"},"modified":"2023-10-01T14:24:52","modified_gmt":"2023-10-01T12:24:52","slug":"its-apt","status":"publish","type":"page","link":"https:\/\/www.itm.nrw\/en\/research\/projects\/completed-projects\/its-apt\/","title":{"rendered":"IT-Security Awareness Penetration Testing"},"content":{"rendered":"<h1 class=\"page-title\">ITS.APT<\/h1>\n<section class=\"entry-content clearfix\">\n<p align=\"justify\">Betreiber von kritischen Infrastrukturen stehen vor der Frage, wie sie ihre IT-Sicherheit vor dem Hintergrund immer h\u00e4ufiger werdender Cyberangriffe gew\u00e4hrleisten k\u00f6nnen. Bisher weitgehend unber\u00fccksichtigt bleibt dabei, in welchem Ma\u00dfe Risiken von den IT-Benutzern selbst ausgehen. Das vom Bundesministerium f\u00fcr Bildung und Forschung (BMBF) finanzierte interdisziplin\u00e4re Projekt ITS.APT, welches im Januar 2015 startete, m\u00f6chte mit Hilfe einer Software das IT-Sicherheitsbewusstsein der Nutzer messbar machen. Unter der Leitung von Prof. Franziska Boehm wird das ITM bis Ende 2017 die rechtliche Beratung im Projekt \u00fcbernehmen. Dabei werden arbeits- und haftungsrechtliche Fragen beantwortet, die bei einer heimlichen Durchf\u00fchrung der Tests und bei m\u00f6glichen Sch\u00e4den durch die Software entstehen. Wissenschaftliche Mitarbeiter des Projekts sind Tim Hey und Robert Ortner.<\/p>\n<p align=\"justify\">Weitere Informationen finden sich in der <a title=\"Pressemitteilung\" href=\"http:\/\/www.uni-muenster.de\/Rektorat\/exec\/upm.php?rubrik=Alle&amp;neu=0&amp;monat=201502&amp;nummer=18095\">Pressemitteilung<\/a> der Universit\u00e4t M\u00fcnster und der <a href=\"https:\/\/itsec.cs.uni-bonn.de\/itsapt\">Projektwebseite<\/a>.<\/p>\n<\/section>\n","protected":false},"excerpt":{"rendered":"<p>ITS.APT Betreiber von kritischen Infrastrukturen stehen vor der Frage, wie sie ihre IT-Sicherheit vor dem Hintergrund immer h\u00e4ufiger werdender Cyberangriffe gew\u00e4hrleisten k\u00f6nnen. Bisher weitgehend unber\u00fccksichtigt bleibt dabei, in welchem Ma\u00dfe Risiken von den IT-Benutzern selbst ausgehen. Das vom Bundesministerium f\u00fcr Bildung und Forschung (BMBF) finanzierte interdisziplin\u00e4re Projekt ITS.APT, welches im Januar 2015 startete, m\u00f6chte mit [&#8230;]\n","protected":false},"author":1,"featured_media":23694,"parent":24637,"menu_order":0,"comment_status":"closed","ping_status":"closed","template":"page-transparent-header-light.php","meta":{"_acf_changed":false,"footnotes":""},"class_list":["post-24680","page","type-page","status-publish","has-post-thumbnail","hentry"],"acf":[],"_links":{"self":[{"href":"https:\/\/www.itm.nrw\/en\/wp-json\/wp\/v2\/pages\/24680","targetHints":{"allow":["GET"]}}],"collection":[{"href":"https:\/\/www.itm.nrw\/en\/wp-json\/wp\/v2\/pages"}],"about":[{"href":"https:\/\/www.itm.nrw\/en\/wp-json\/wp\/v2\/types\/page"}],"author":[{"embeddable":true,"href":"https:\/\/www.itm.nrw\/en\/wp-json\/wp\/v2\/users\/1"}],"replies":[{"embeddable":true,"href":"https:\/\/www.itm.nrw\/en\/wp-json\/wp\/v2\/comments?post=24680"}],"version-history":[{"count":0,"href":"https:\/\/www.itm.nrw\/en\/wp-json\/wp\/v2\/pages\/24680\/revisions"}],"up":[{"embeddable":true,"href":"https:\/\/www.itm.nrw\/en\/wp-json\/wp\/v2\/pages\/24637"}],"wp:featuredmedia":[{"embeddable":true,"href":"https:\/\/www.itm.nrw\/en\/wp-json\/wp\/v2\/media\/23694"}],"wp:attachment":[{"href":"https:\/\/www.itm.nrw\/en\/wp-json\/wp\/v2\/media?parent=24680"}],"curies":[{"name":"wp","href":"https:\/\/api.w.org\/{rel}","templated":true}]}}

<h1 class="page-title">ITS.APT</h1>
<section class="entry-content clearfix">
<p align="justify">Betreiber von kritischen Infrastrukturen stehen vor der Frage, wie sie ihre IT-Sicherheit vor dem Hintergrund immer häufiger werdender Cyberangriffe gewährleisten können. Bisher weitgehend unberücksichtigt bleibt dabei, in welchem Maße Risiken von den IT-Benutzern selbst ausgehen. Das vom Bundesministerium für Bildung und Forschung (BMBF) finanzierte interdisziplinäre Projekt ITS.APT, welches im Januar 2015 startete, möchte mit Hilfe einer Software das IT-Sicherheitsbewusstsein der Nutzer messbar machen. Unter der Leitung von Prof. Franziska Boehm wird das ITM bis Ende 2017 die rechtliche Beratung im Projekt übernehmen. Dabei werden arbeits- und haftungsrechtliche Fragen beantwortet, die bei einer heimlichen Durchführung der Tests und bei möglichen Schäden durch die Software entstehen. Wissenschaftliche Mitarbeiter des Projekts sind Tim Hey und Robert Ortner.</p>
<p align="justify">Weitere Informationen finden sich in der <a title="Pressemitteilung" href="http://www.uni-muenster.de/Rektorat/exec/upm.php?rubrik=Alle&amp;neu=0&amp;monat=201502&amp;nummer=18095">Pressemitteilung</a> der Universität Münster und der <a href="https://itsec.cs.uni-bonn.de/itsapt">Projektwebseite</a>.</p>
</section>

<p>ITS.APT Betreiber von kritischen Infrastrukturen stehen vor der Frage, wie sie ihre IT-Sicherheit vor dem Hintergrund immer häufiger werdender Cyberangriffe gewährleisten können. Bisher weitgehend unberücksichtigt bleibt dabei, in welchem Maße Risiken von den IT-Benutzern selbst ausgehen. Das vom Bundesministerium für Bildung und Forschung (BMBF) finanzierte interdisziplinäre Projekt ITS.APT, welches im Januar 2015 startete, möchte mit [&#8230;]
